{"id":180,"date":"2020-07-06T23:42:49","date_gmt":"2020-07-06T21:42:49","guid":{"rendered":"https:\/\/muenster-zu-fuss.de\/?page_id=180"},"modified":"2021-12-29T14:49:13","modified_gmt":"2021-12-29T13:49:13","slug":"fussverkehr-links","status":"publish","type":"page","link":"https:\/\/muenster-zu-fuss.de\/wp-archiv\/fussverkehr-links\/","title":{"rendered":"Fu\u00dfverkehr-Links"},"content":{"rendered":"\n<p>FUSS e.V. <a rel=\"noreferrer noopener\" href=\"https:\/\/www.fuss-ev.de\/\" target=\"_blank\">https:\/\/www.fuss-ev.de\/<\/a><br>Fachverband Fu\u00dfverkehr Deutschland<\/p>\n\n\n\n<p>UMKEHR- und FUSS e.V. &#8211; Website-Lotse zur nachhaltigen Mobilit\u00e4t<br><a href=\"http:\/\/umkehr-und-fussev-website-lotse.de\" target=\"_blank\" rel=\"noreferrer noopener\">http:\/\/umkehr-und-fussev-website-lotse.de\/<\/a><\/p>\n\n\n\n<p>Fu\u00dfverkehrsstrategien in St\u00e4dten und Gemeinden<br><a rel=\"noreferrer noopener\" href=\"https:\/\/fussverkehrsstrategie.de\/\" target=\"_blank\">https:\/\/fussverkehrsstrategie.de\/<\/a><\/p>\n\n\n\n<p>Fu\u00dfverkehrs-Checks \/ Fu\u00dfverkehrs-Audits<br><a href=\"https:\/\/www.fussverkehrs-check.de\/\" target=\"_blank\" rel=\"noreferrer noopener\">https:\/\/www.fussverkehrs-check.de\/<\/a><\/p>\n\n\n\n<p>Verkehrsrecht und Planungsgrundlagen<br><a rel=\"noreferrer noopener\" href=\"https:\/\/www.geh-recht.de\/\" target=\"_blank\">https:\/\/www.geh-recht.de\/<\/a><\/p>\n\n\n\n<p>weGErecht e.V. <a rel=\"noreferrer noopener\" href=\"https:\/\/wegerecht.org\/\" target=\"_blank\">https:\/\/wegerecht.org\/<\/a><br>Verein f\u00fcr eine gerechte Ber\u00fccksichtigung insbesondere der Belange von Fu\u00dfg\u00e4ngerInnen und RadfahrerInnen im Verkehrsgeschehen<\/p>\n\n\n\n<p>Gehwege frei<br><a href=\"https:\/\/www.gehwege-frei.de\/\" target=\"_blank\" rel=\"noreferrer noopener\">https:\/\/www.gehwege-frei.de\/<\/a><\/p>\n\n\n\n<hr class=\"wp-block-separator is-style-wide\"\/>\n\n\n\n<h4 class=\"wp-block-heading\" id=\"administrariv\">Administrativ<\/h4>\n\n\n\n<p><a href=\"http:\/\/www.gesetze-im-internet.de\/stvo_2013\/index.html\" target=\"_blank\" rel=\"noreferrer noopener\">Stra\u00dfenverkehrs-Ordnung<\/a><\/p>\n\n\n\n<p><a rel=\"noreferrer noopener\" href=\"http:\/\/www.verwaltungsvorschriften-im-internet.de\/bsvwvbund_26012001_S3236420014.htm\" target=\"_blank\">Verwaltungsvorschrift zur Stra\u00dfenverkehrs-Ordnung<\/a><\/p>\n\n\n\n<p><a rel=\"noreferrer noopener\" href=\"https:\/\/de.wikipedia.org\/wiki\/Bildtafel_der_Verkehrszeichen_in_der_Bundesrepublik_Deutschland_seit_2017\" target=\"_blank\">Bildtafel der Verkehrszeichen in der Bundesrepublik Deutschland<\/a><\/p>\n\n\n\n<hr class=\"wp-block-separator is-style-wide\"\/>\n\n\n\n<h4 class=\"wp-block-heading\" id=\"administrariv\">Nordrhein Westfalen<\/h4>\n\n\n\n<p><a rel=\"noreferrer noopener\" href=\"https:\/\/www.vm.nrw.de\/verkehr\/nahmobilitaet\/\" target=\"_blank\">Ministerium f\u00fcr Verkehr des Landes Nordrhein-Westfalen<\/a><\/p>\n\n\n\n<p><a href=\"https:\/\/www.landtag.nrw.de\/home\/dokumente.html\" target=\"_blank\" rel=\"noreferrer noopener\">&nbsp;Landtag NRW: Dokumente<\/a><\/p>\n\n\n\n<p><a rel=\"noreferrer noopener\" href=\"https:\/\/www.landtag.nrw.de\/home\/petitionen.html\" target=\"_blank\">Landtag NRW: Petitionen<\/a><\/p>\n\n\n\n<hr class=\"wp-block-separator is-style-wide\"\/>\n\n\n\n<h4 class=\"wp-block-heading\" id=\"muenster\">M\u00fcnster<\/h4>\n\n\n\n<p><a href=\"https:\/\/www.stadt-muenster.de\/themen\/politik-und-engagement\" target=\"_blank\" rel=\"noreferrer noopener\">Politik und Engagement<\/a><\/p>\n\n\n\n<p><a rel=\"noreferrer noopener\" href=\"https:\/\/www.stadt-muenster.de\/buergerbeteiligung\" target=\"_blank\">M\u00f6glichkeiten der B\u00fcrgerbeteiligung<\/a><\/p>\n\n\n\n<p><a rel=\"noreferrer noopener\" href=\"https:\/\/mobil-in-muenster.de\/\" target=\"_blank\"><strong>mo<\/strong>bile <strong>V<\/strong>ielfalt <strong>e<\/strong>ntdecken, erleben, erfahren &#8211; moVe<\/a><\/p>\n\n\n\n<p><a rel=\"noreferrer noopener\" href=\"https:\/\/www.stadt-muenster.de\/mmm\" target=\"_blank\">Stadt Raum Leben: #<strong>m<\/strong>\u00fcnsters <strong>m<\/strong>itte <\/a><strong><a rel=\"noreferrer noopener\" href=\"https:\/\/www.stadt-muenster.de\/mmm\" target=\"_blank\">m<\/a><\/strong><a rel=\"noreferrer noopener\" href=\"https:\/\/www.stadt-muenster.de\/muenstersmittemachen\/startseite\" target=\"_blank\">achen<\/a><\/p>\n\n\n\n<p><a href=\"https:\/\/dashboard.smartcity.ms\/\" target=\"_blank\" rel=\"noreferrer noopener\">Dashboard &#8211; Smart City M\u00fcnster<\/a><\/p>\n\n\n\n<p><a href=\"https:\/\/www.stadt-muenster.de\/sozialamt\/menschen-mit-behinderungen\/gleichstellung-und-teilhabe\" target=\"_blank\" rel=\"noreferrer noopener\">Gleichstellung und Teilhabe<\/a><\/p>\n\n\n\n<p><a rel=\"noreferrer noopener\" href=\"https:\/\/www.stadt-muenster.de\/verkehrsplanung\/startseite\" target=\"_blank\">Mobilit\u00e4tsplanung<\/a><\/p>\n\n\n\n<p><a rel=\"noreferrer noopener\" href=\"https:\/\/www.stadt-muenster.de\/stadtplanung\" target=\"_blank\">Stadtplanung<\/a><\/p>\n\n\n\n<p><a href=\"https:\/\/muenster.de\/stadtplan\" target=\"_blank\" rel=\"noreferrer noopener\">Stadtplan<\/a><\/p>\n\n\n\n<p><a href=\"https:\/\/www.stadt-muenster.de\/tiefbauamt\/barrierefreies-bauen.html\" target=\"_blank\" rel=\"noreferrer noopener\">Barrierefreies Bauen<\/a><\/p>\n\n\n\n<p><a rel=\"noreferrer noopener\" href=\"https:\/\/www.stadt-muenster.de\/sessionnet\/sessionnetbi\/infobi.php\" target=\"_blank\">Ratsinformationssystem<\/a><\/p>\n\n\n\n<p><a rel=\"noreferrer noopener\" href=\"https:\/\/www.stadt-muenster.de\/medien\/startseite.html\" target=\"_blank\">Pressemitteilungen der Stadt M\u00fcnster<\/a><\/p>\n\n\n\n<p><a rel=\"noreferrer noopener\" href=\"https:\/\/www.stadt-muenster.de\/fileadmin\/\/user_upload\/stadt-muenster\/61_stadtentwicklung\/pdf\/karten\/kleinraeumige_gebietsgliederung_schematische_darstellungen.pdf\" target=\"_blank\">Gebietsgliederung der Stadt M\u00fcnster<\/a> (PDF, 4,1 MB)<\/p>\n\n\n\n<p><a rel=\"noreferrer noopener\" href=\"https:\/\/www.stadt-muenster.de\/fileadmin\/\/user_upload\/stadt-muenster\/33_wahlen\/pdf\/KW_Aushang_KWB_A3.pdf\" target=\"_blank\">Neugliederung der Kommunalwahlbezirke<\/a> (PDF, 1,1 MB)<\/p>\n\n\n\n<p><a rel=\"noreferrer noopener\" href=\"https:\/\/wahlen.citeq.de\/ergebnisse-1\/20200913\/05515000\/html5\/index.html\" target=\"_blank\">Wahlergebnis M\u00fcnster 2020<\/a><\/p>\n\n\n\n<p><a rel=\"noreferrer noopener\" href=\"https:\/\/www.landtag.nrw.de\/home\/der-landtag\/landtagswahlen\/wahlkreiskarte.html\" target=\"_blank\">Landtag NRW, Abgeordnete der Wahlkreise M\u00fcnster<\/a><\/p>\n\n\n\n<p><a href=\"https:\/\/www.bundestag.de\/abgeordnete\" target=\"_blank\" rel=\"noreferrer noopener\">In den Bundestag Gew\u00e4hlte Abgeordnete Wahlkreis 129 M\u00fcnster<\/a><\/p>\n\n\n\n<p><a rel=\"noreferrer noopener\" href=\"https:\/\/opendata.stadt-muenster.de\/blog\/ein-open-data-portal-f%C3%BCr-m%C3%BCnster\" target=\"_blank\">Open Data Portal f\u00fcr M\u00fcnster<\/a><\/p>\n\n\n\n<hr class=\"wp-block-separator is-style-wide\"\/>\n\n\n\n<h4 class=\"wp-block-heading\" id=\"weitere-links\">Weitere Links<\/h4>\n\n\n\n<p><a rel=\"noreferrer noopener\" href=\"https:\/\/difu.de\/\" target=\"_blank\">Deutsche Institut f\u00fcr Urbanistik<\/a> (Difu)<\/p>\n\n\n\n<p><a rel=\"noreferrer noopener\" href=\"https:\/\/nationaler-radverkehrsplan.de\/de\" target=\"_blank\">Fahrradportal<\/a> (Rad und Fu\u00df: Gemeinsam in die Zukunft)<\/p>\n\n\n\n<p><a rel=\"noreferrer noopener\" href=\"https:\/\/www.agora-verkehrswende.de\/\" target=\"_blank\">Agora Verkehrswende<\/a><\/p>\n\n\n\n<p><a rel=\"noreferrer noopener\" href=\"https:\/\/udv.de\/de\/mensch\" target=\"_blank\">Unfallforschung der Versicherer<\/a> (UDV)<\/p>\n\n\n\n<p><a href=\"https:\/\/www.stadtvonmorgen.de\/mobilitaet\/\" target=\"_blank\" rel=\"noreferrer noopener\">#stadtvonmorgen<\/a> (Aktuelle Beitr\u00e4ge zum Thema Mobilit\u00e4t)<\/p>\n\n\n\n<p><a rel=\"noreferrer noopener\" href=\"https:\/\/www.fgsv.de\/\" target=\"_blank\">Forschungsgesellschaft f\u00fcr Stra\u00dfen- und Verkehrswesen e. V.<\/a> (FGSV)<\/p>\n\n\n\n<p><a rel=\"noreferrer noopener\" href=\"https:\/\/www.agfs-nrw.de\/aktuelles\" target=\"_blank\">Arbeitsgemeinschaft fu\u00dfg\u00e4nger- und fahrradfreundlicher St\u00e4dte<\/a> (AGFS)<\/p>\n\n\n\n<p><a rel=\"noreferrer noopener\" href=\"https:\/\/nahmobilitaet.de\/\" target=\"_blank\">Nahmobilitaet &#8211; Fu\u00dfverkehr<\/a> (AGFS)<\/p>\n\n\n\n<p><a rel=\"noreferrer noopener\" href=\"https:\/\/tempo30.vcd.org\/sicherer.html\" target=\"_blank\">Mit Tempo 30 ist es sicherer.<\/a> (Verkehrsclub Deutschland e.V.)<\/p>\n\n\n\n<hr class=\"wp-block-separator is-style-wide\"\/>\n\n\n\n<h4 class=\"wp-block-heading\" id=\"literatur\">Literatur \/ Empfehlungen \/ Verschiedenes<\/h4>\n\n\n\n<p><a rel=\"noreferrer noopener\" href=\"https:\/\/www.forschungsinformationssystem.de\/servlet\/is\/46981\/\" target=\"_blank\">Empfehlungen f\u00fcr Fu\u00dfg\u00e4ngerverkehrsanlagen<\/a> (EFA) im Forschungs-Informations-System f\u00fcr Mobilit\u00e4t und Verkehr (FIS)<\/p>\n\n\n\n<p><a rel=\"noreferrer noopener\" href=\"https:\/\/www.fgsv-verlag.de\/efa\" target=\"_blank\">Empfehlungen f\u00fcr Fu\u00dfg\u00e4ngerverkehrsanlagen<\/a> (EFA) im Verlag der Forschungsgesellschaft f\u00fcr Stra\u00dfen- und Verkehrswesen<\/p>\n\n\n\n<p><a rel=\"noreferrer noopener\" href=\"https:\/\/www.fgsv-verlag.de\/era\" target=\"_blank\">Empfehlungen f\u00fcr Radverkehrsanlagen<\/a> (ERA) im Verlag der Forschungsgesellschaft f\u00fcr Stra\u00dfen- und Verkehrswesen. Hier ist auff\u00e4llig, dass im Jahr des Erscheinens im Jahr 2010 sieben Fachvortr\u00e4ge gehalten wurden und neben dem Werk zum Download angeboten werden. Bei der EFA aus dem Jahr 2002 gibt es nichts vergleichbares.<\/p>\n\n\n\n<p>Richtlinien f\u00fcr die Anlage von Stadtstra\u00dfen &#8211; RASt 06 &#8211; im <a rel=\"noreferrer noopener\" href=\"https:\/\/www.forschungsinformationssystem.de\/servlet\/is\/232185\/\" target=\"_blank\">Forschungs-Informations-System<\/a> (FIS) mit weiterf\u00fchrenden Links, im Verlag der <a rel=\"noreferrer noopener\" href=\"https:\/\/www.fgsv-verlag.de\/rast\" target=\"_blank\">Forschungsgesellschaft f\u00fcr Stra\u00dfen- und Verkehrswesen<\/a> (FGSV) und auf <a href=\"https:\/\/docplayer.org\/10005154-Nur-fuer-studienzwecke-richtlinien-fuer-die-anlage-von-stadtstrassen-rast-06.html\" target=\"_blank\" rel=\"noreferrer noopener\">Docplayer<\/a> (f\u00fcr Studienzwecke).<\/p>\n\n\n\n<h4 class=\"wp-block-heading\" id=\"anders-gehen\">Anders gehen<\/h4>\n\n\n\n<p><a rel=\"noreferrer noopener\" href=\"https:\/\/lob-des-gehens.de\/\" target=\"_blank\">Lob des Gehens<\/a> &#8211; ein Podast, der zu Gespr\u00e4chen rund um das Gehen einladen soll. Nicola Wessinghage unterh\u00e4lt sich mit verschiedenen Menschen \u00fcber die vielen Facetten der Bewegung.<\/p>\n\n\n\n<p><a rel=\"noreferrer noopener\" href=\"https:\/\/www.busgang.de\/\" target=\"_blank\">BusGang<\/a> &#8211; der urbane Wanderf\u00fchrer. Mit dem Bus fahren, neue Wege gehen und Deine Stadt (neu) kennenlernen!<\/p>\n\n\n\n<p><a rel=\"noreferrer noopener\" href=\"https:\/\/www.mobil.nrw\/ziele\/wanderrouten-in-nrw.html\" target=\"_blank\">mobil.nrw: Die sch\u00f6nsten Wanderrouten<\/a>. Der Tourfinder beinhaltet \u00fcber 100 Wanderrouten in NRW. Die Start-\u200b und Endpunkte aller Touren sind bestens mit Bus und Bahn erreichbar.<\/p>\n\n\n\n<p><a href=\"https:\/\/www.muensterland.de\/freizeit-urlaub\/wandern-im-muensterland\/\">muensterland.de<\/a> &#8211; Streckentipps zum Wandern im M\u00fcnsterland.<\/p>\n\n\n\n<p><a rel=\"noreferrer noopener\" href=\"https:\/\/www.whb.nrw\/de\/wanderwege\/wanderwege\/\" target=\"_blank\">Wanderwege im M\u00fcnsterland<\/a>: 3000 Kilometern zu F\u00fc\u00dfen. Wanderwegenetz, das der Westf\u00e4lische Heimatbund intensiv betreut und markiert.<\/p>\n","protected":false},"excerpt":{"rendered":"<p>FUSS e.V. https:\/\/www.fuss-ev.de\/Fachverband Fu\u00dfverkehr Deutschland UMKEHR- und FUSS e.V. &#8211; Website-Lotse zur nachhaltigen Mobilit\u00e4thttp:\/\/umkehr-und-fussev-website-lotse.de\/ Fu\u00dfverkehrsstrategien in St\u00e4dten und Gemeindenhttps:\/\/fussverkehrsstrategie.de\/ Fu\u00dfverkehrs-Checks<\/p>\n","protected":false},"author":3,"featured_media":0,"parent":0,"menu_order":0,"comment_status":"closed","ping_status":"closed","template":"","meta":{"footnotes":""},"class_list":["post-180","page","type-page","status-publish","hentry","comments-off"],"_links":{"self":[{"href":"https:\/\/muenster-zu-fuss.de\/wp-archiv\/wp-json\/wp\/v2\/pages\/180","targetHints":{"allow":["GET"]}}],"collection":[{"href":"https:\/\/muenster-zu-fuss.de\/wp-archiv\/wp-json\/wp\/v2\/pages"}],"about":[{"href":"https:\/\/muenster-zu-fuss.de\/wp-archiv\/wp-json\/wp\/v2\/types\/page"}],"author":[{"embeddable":true,"href":"https:\/\/muenster-zu-fuss.de\/wp-archiv\/wp-json\/wp\/v2\/users\/3"}],"replies":[{"embeddable":true,"href":"https:\/\/muenster-zu-fuss.de\/wp-archiv\/wp-json\/wp\/v2\/comments?post=180"}],"version-history":[{"count":89,"href":"https:\/\/muenster-zu-fuss.de\/wp-archiv\/wp-json\/wp\/v2\/pages\/180\/revisions"}],"predecessor-version":[{"id":1794,"href":"https:\/\/muenster-zu-fuss.de\/wp-archiv\/wp-json\/wp\/v2\/pages\/180\/revisions\/1794"}],"wp:attachment":[{"href":"https:\/\/muenster-zu-fuss.de\/wp-archiv\/wp-json\/wp\/v2\/media?parent=180"}],"curies":[{"name":"wp","href":"https:\/\/api.w.org\/{rel}","templated":true}]}}