{"id":583,"date":"2020-08-03T23:51:59","date_gmt":"2020-08-03T21:51:59","guid":{"rendered":"https:\/\/muenster-zu-fuss.de\/?page_id=583"},"modified":"2021-11-21T09:51:21","modified_gmt":"2021-11-21T08:51:21","slug":"termine","status":"publish","type":"page","link":"https:\/\/muenster-zu-fuss.de\/wp-archiv\/termine\/","title":{"rendered":"FUSS M\u00fcnster &#8211; Termine"},"content":{"rendered":"\n<p>Die FUSS e.V. Ortsgruppe M\u00fcnster trifft sich regelm\u00e4\u00dfig am 4. Dienstag im Monat zum Austausch und zur Planung von Aktionen und \u00d6ffentlichkeitsarbeit. Aufgrund der aktuellen Pandemie finden die Treffen meist online statt. <strong>G\u00e4ste, Interessierte und potentielle Neumitglieder sind immer willkommen.<\/strong> Auch das Mitwirken an einzelnen Aktionen oder regelm\u00e4\u00dfige Aktivit\u00e4t ohne Mitgliedschaft ist m\u00f6glich. <a href=\"https:\/\/muenster-zu-fuss.de\/was-wir-moechten\/\">Wichtig ist das Ziel<\/a>.<\/p>\n\n\n\n<p>Weitere Infos, Anmeldung und Zugangsdaten per E-Mail: <a href=\"mailto:muenster@fuss-ev.de\">muenster@fuss-ev.de<\/a><\/p>\n\n\n<p><iframe loading=\"lazy\" src=\"https:\/\/calendar.google.com\/calendar\/embed?height=600&amp;wkst=1&amp;bgcolor=%23ffffff&amp;ctz=Europe%2FBerlin&amp;showPrint=0&amp;showTabs=1&amp;showCalendars=0&amp;showTz=1&amp;showDate=1&amp;showNav=1&amp;showTitle=0&amp;src=NmZnZ2w1aGsycGh1OWVidmIxams1bzY0dG9AZ3JvdXAuY2FsZW5kYXIuZ29vZ2xlLmNvbQ&amp;color=%2333B679\" style=\"border-width:0\" scrolling=\"no\" width=\"800\" height=\"600\" frameborder=\"0\"><\/iframe><\/p>","protected":false},"excerpt":{"rendered":"<p>Die FUSS e.V. Ortsgruppe M\u00fcnster trifft sich regelm\u00e4\u00dfig am 4. Dienstag im Monat zum Austausch und zur Planung von Aktionen<\/p>\n","protected":false},"author":3,"featured_media":0,"parent":0,"menu_order":0,"comment_status":"closed","ping_status":"closed","template":"","meta":{"footnotes":""},"class_list":["post-583","page","type-page","status-publish","hentry","comments-off"],"_links":{"self":[{"href":"https:\/\/muenster-zu-fuss.de\/wp-archiv\/wp-json\/wp\/v2\/pages\/583","targetHints":{"allow":["GET"]}}],"collection":[{"href":"https:\/\/muenster-zu-fuss.de\/wp-archiv\/wp-json\/wp\/v2\/pages"}],"about":[{"href":"https:\/\/muenster-zu-fuss.de\/wp-archiv\/wp-json\/wp\/v2\/types\/page"}],"author":[{"embeddable":true,"href":"https:\/\/muenster-zu-fuss.de\/wp-archiv\/wp-json\/wp\/v2\/users\/3"}],"replies":[{"embeddable":true,"href":"https:\/\/muenster-zu-fuss.de\/wp-archiv\/wp-json\/wp\/v2\/comments?post=583"}],"version-history":[{"count":52,"href":"https:\/\/muenster-zu-fuss.de\/wp-archiv\/wp-json\/wp\/v2\/pages\/583\/revisions"}],"predecessor-version":[{"id":1788,"href":"https:\/\/muenster-zu-fuss.de\/wp-archiv\/wp-json\/wp\/v2\/pages\/583\/revisions\/1788"}],"wp:attachment":[{"href":"https:\/\/muenster-zu-fuss.de\/wp-archiv\/wp-json\/wp\/v2\/media?parent=583"}],"curies":[{"name":"wp","href":"https:\/\/api.w.org\/{rel}","templated":true}]}}